{"id":105,"date":"2025-01-13T14:46:50","date_gmt":"2025-01-13T14:46:50","guid":{"rendered":"https:\/\/fultra.bitaminadigital.com\/fultra\/?page_id=105"},"modified":"2025-02-25T21:47:06","modified_gmt":"2025-02-25T21:47:06","slug":"fruehauf","status":"publish","type":"page","link":"https:\/\/fultra.bitaminadigital.com\/fultra\/fruehauf\/","title":{"rendered":"Empresas | FRUEHAUF"},"content":{"rendered":"\t\t<div data-elementor-type=\"wp-post\" data-elementor-id=\"105\" class=\"elementor elementor-105\" data-elementor-settings=\"{&quot;ha_cmc_init_switcher&quot;:&quot;no&quot;}\">\n\t\t\t\t<div class=\"elementor-element elementor-element-11534fb5 e-con-full e-flex e-con e-parent\" data-id=\"11534fb5\" data-element_type=\"container\" data-settings=\"{&quot;background_background&quot;:&quot;classic&quot;,&quot;_ha_eqh_enable&quot;:false}\">\n\t\t\t\t<\/div>\n\t\t<div class=\"elementor-element elementor-element-b2854b2 e-con-full e-flex e-con e-parent\" data-id=\"b2854b2\" data-element_type=\"container\" data-settings=\"{&quot;_ha_eqh_enable&quot;:false}\">\n\t\t\t\t<div class=\"elementor-element elementor-element-0a6a294 elementor-widget elementor-widget-heading\" data-id=\"0a6a294\" data-element_type=\"widget\" data-widget_type=\"heading.default\">\n\t\t\t\t\t<h1 class=\"elementor-heading-title elementor-size-default\">El socio preferido del transportista en Remolques<\/h1>\t\t\t\t<\/div>\n\t\t\t\t<div class=\"elementor-element elementor-element-67911cb elementor-widget elementor-widget-text-editor\" data-id=\"67911cb\" data-element_type=\"widget\" data-widget_type=\"text-editor.default\">\n\t\t\t\t\t\t\t\t\t<p>Fruehauf nace en 1914 en Norteam\u00e9rica con la creaci\u00f3n del semirremolque, convirti\u00e9ndose en pionero dentro de ese ramo.<\/p><p>Actualmente, <strong>con m\u00e1s de 110 a\u00f1os de experiencia dise\u00f1ando y fabricando remolques, 55 a\u00f1os de presencia en M\u00e9xico y el regreso al mercado de Estados <\/strong><strong>Unidos<\/strong>, Fruehauf es el fabricante l\u00edder de semirremolques como cajas secas, portacontenedores, dollies, plataformas, tanques, plataformas encortinadas, tolvas, chasis, volteos, brindando soluciones para el transporte y manejo de cualquier tipo de carga de acuerdo con las necesidades de operaci\u00f3n del cliente, entregando equipos de calidad superior, innovadores y dise\u00f1ados para durar.<\/p>\t\t\t\t\t\t\t\t<\/div>\n\t\t\t\t<\/div>\n\t\t<div class=\"elementor-element elementor-element-8661644 e-con-full e-flex e-con e-parent\" data-id=\"8661644\" data-element_type=\"container\" data-settings=\"{&quot;_ha_eqh_enable&quot;:false}\">\n\t\t<div class=\"elementor-element elementor-element-a635880 e-con-full e-flex e-con e-child\" data-id=\"a635880\" data-element_type=\"container\" data-settings=\"{&quot;_ha_eqh_enable&quot;:false}\">\n\t\t\t\t<div class=\"elementor-element elementor-element-de855eb elementor-widget elementor-widget-heading\" data-id=\"de855eb\" data-element_type=\"widget\" data-widget_type=\"heading.default\">\n\t\t\t\t\t<h2 class=\"elementor-heading-title elementor-size-default\">FRUEHAUF M\u00c9XICO<\/h2>\t\t\t\t<\/div>\n\t\t\t\t<div class=\"elementor-element elementor-element-4350dc7 elementor-widget-divider--view-line elementor-widget elementor-widget-divider\" data-id=\"4350dc7\" data-element_type=\"widget\" data-widget_type=\"divider.default\">\n\t\t\t\t\t\t\t<div class=\"elementor-divider\">\n\t\t\t<span class=\"elementor-divider-separator\">\n\t\t\t\t\t\t<\/span>\n\t\t<\/div>\n\t\t\t\t\t\t<\/div>\n\t\t\t\t<div class=\"elementor-element elementor-element-4089f17 elementor-widget elementor-widget-text-editor\" data-id=\"4089f17\" data-element_type=\"widget\" data-widget_type=\"text-editor.default\">\n\t\t\t\t\t\t\t\t\t<p>Es <strong>l\u00edder indiscutible en la fabricaci\u00f3n de semirremolques<\/strong> en este pa\u00eds, tiene el mejor talento del sector, la capacidad de dise\u00f1ar y fabricar equipos especializados totalmente a la medida de las necesidades de los clientes, est\u00e1 certificado con ASME y AWS. Adem\u00e1s, cuenta con 2 naves industriales para fabricar remolques y semirremolques, cumpliendo con las normas mexicanas (NOM), americanas (DOT) y canadienses (CTA).<\/p><p>En cuanto al Servicio Postventa de refacciones originales FRUEHAUF, tiene un distribuidor oficial autorizado, Amparts, l\u00edder en la industria de repuestos para remolques, con una amplia cobertura en el pa\u00eds, 29 sucursales y 2 sucursales en el Sur de Texas para asegurar la disponibilidad de repuestos en el momento en el que lo necesiten.<\/p><p><strong>Contamos con diferentes planes de financiamiento a la medida de nuestros clientes.<\/strong><\/p>\t\t\t\t\t\t\t\t<\/div>\n\t\t\t\t<div class=\"elementor-element elementor-element-918cc2d elementor-widget elementor-widget-button\" data-id=\"918cc2d\" data-element_type=\"widget\" data-widget_type=\"button.default\">\n\t\t\t\t\t\t\t\t\t\t<a class=\"elementor-button elementor-button-link elementor-size-sm\" href=\"https:\/\/fruehauf.mx\/\" target=\"_blank\">\n\t\t\t\t\t\t<span class=\"elementor-button-content-wrapper\">\n\t\t\t\t\t\t\t\t\t<span class=\"elementor-button-text\">Visitar sitio<\/span>\n\t\t\t\t\t<\/span>\n\t\t\t\t\t<\/a>\n\t\t\t\t\t\t\t\t<\/div>\n\t\t\t\t<\/div>\n\t\t<div class=\"elementor-element elementor-element-2620d5f e-con-full e-flex e-con e-child\" data-id=\"2620d5f\" data-element_type=\"container\" data-settings=\"{&quot;background_background&quot;:&quot;slideshow&quot;,&quot;background_slideshow_gallery&quot;:[{&quot;id&quot;:118,&quot;url&quot;:&quot;https:\\\/\\\/fultra.bitaminadigital.com\\\/fultra\\\/wp-content\\\/uploads\\\/2025\\\/01\\\/fruehauf-mexico.webp&quot;}],&quot;background_slideshow_loop&quot;:&quot;yes&quot;,&quot;background_slideshow_slide_duration&quot;:5000,&quot;background_slideshow_slide_transition&quot;:&quot;fade&quot;,&quot;background_slideshow_transition_duration&quot;:500,&quot;_ha_eqh_enable&quot;:false}\">\n\t\t\t\t<\/div>\n\t\t\t\t<\/div>\n\t\t<div class=\"elementor-element elementor-element-793c8ca e-con-full e-flex e-con e-parent\" data-id=\"793c8ca\" data-element_type=\"container\" data-settings=\"{&quot;background_background&quot;:&quot;classic&quot;,&quot;_ha_eqh_enable&quot;:false}\">\n\t\t<div class=\"elementor-element elementor-element-bd82f3a e-con-full e-flex e-con e-child\" data-id=\"bd82f3a\" data-element_type=\"container\" data-settings=\"{&quot;background_background&quot;:&quot;slideshow&quot;,&quot;background_slideshow_gallery&quot;:[{&quot;id&quot;:119,&quot;url&quot;:&quot;https:\\\/\\\/fultra.bitaminadigital.com\\\/fultra\\\/wp-content\\\/uploads\\\/2025\\\/01\\\/fruehauf-usa.webp&quot;}],&quot;background_slideshow_loop&quot;:&quot;yes&quot;,&quot;background_slideshow_slide_duration&quot;:5000,&quot;background_slideshow_slide_transition&quot;:&quot;fade&quot;,&quot;background_slideshow_transition_duration&quot;:500,&quot;_ha_eqh_enable&quot;:false}\">\n\t\t\t\t<\/div>\n\t\t<div class=\"elementor-element elementor-element-4aa4297 e-con-full e-flex e-con e-child\" data-id=\"4aa4297\" data-element_type=\"container\" data-settings=\"{&quot;_ha_eqh_enable&quot;:false}\">\n\t\t\t\t<div class=\"elementor-element elementor-element-d56a71c elementor-widget elementor-widget-heading\" data-id=\"d56a71c\" data-element_type=\"widget\" data-widget_type=\"heading.default\">\n\t\t\t\t\t<h2 class=\"elementor-heading-title elementor-size-default\">FRUEHAUF USA<\/h2>\t\t\t\t<\/div>\n\t\t\t\t<div class=\"elementor-element elementor-element-0adbb32 elementor-widget-divider--view-line elementor-widget elementor-widget-divider\" data-id=\"0adbb32\" data-element_type=\"widget\" data-widget_type=\"divider.default\">\n\t\t\t\t\t\t\t<div class=\"elementor-divider\">\n\t\t\t<span class=\"elementor-divider-separator\">\n\t\t\t\t\t\t<\/span>\n\t\t<\/div>\n\t\t\t\t\t\t<\/div>\n\t\t\t\t<div class=\"elementor-element elementor-element-04017db elementor-widget elementor-widget-text-editor\" data-id=\"04017db\" data-element_type=\"widget\" data-widget_type=\"text-editor.default\">\n\t\t\t\t\t\t\t\t\t<p>Fruehauf USA regresa a este pa\u00eds despu\u00e9s de 25 a\u00f1os con una planta ubicada en Bowling Green, KY de 12.5 hect\u00e1reas, habilitada con dos l\u00edneas de ensamble para cajas secas que atienden particularmente al mercado americano. Los productos que se ensamblan aqu\u00ed son Cajas Secas de 28\u2019 a 57\u2019 con 1, 2 o 3 ejes en Composite, Poste y Panel, equipos dise\u00f1ados para durar y fabricados con una calidad superior. Cuenta con una amplia Red de Distribuidores en el pa\u00eds para atender las necesidades de sus clientes.<\/p><p>Sobre el servicio postventa de refacciones es atendido por Aurora Parts, distribuidor oficial con gran trayectoria y presencia en todo el pa\u00eds, cuenta con centros de distribuci\u00f3n, inventario extenso de componentes y repuestos, y la experiencia para brindar el suministro y soporte t\u00e9cnico a los clientes.<\/p>\t\t\t\t\t\t\t\t<\/div>\n\t\t\t\t<div class=\"elementor-element elementor-element-6ba46ec elementor-widget elementor-widget-button\" data-id=\"6ba46ec\" data-element_type=\"widget\" data-widget_type=\"button.default\">\n\t\t\t\t\t\t\t\t\t\t<a class=\"elementor-button elementor-button-link elementor-size-sm\" href=\"https:\/\/fruehaufinc.com\/\" target=\"_blank\">\n\t\t\t\t\t\t<span class=\"elementor-button-content-wrapper\">\n\t\t\t\t\t\t\t\t\t<span class=\"elementor-button-text\">Visitar sitio<\/span>\n\t\t\t\t\t<\/span>\n\t\t\t\t\t<\/a>\n\t\t\t\t\t\t\t\t<\/div>\n\t\t\t\t<\/div>\n\t\t\t\t<\/div>\n\t\t\t\t<\/div>\n\t\t","protected":false},"excerpt":{"rendered":"<p>El socio preferido del transportista en Remolques Fruehauf nace en 1914 en Norteam\u00e9rica con la creaci\u00f3n del semirremolque, convirti\u00e9ndose en pionero dentro de ese ramo. Actualmente, con m\u00e1s de 110 a\u00f1os de experiencia dise\u00f1ando y fabricando remolques, 55 a\u00f1os de presencia en M\u00e9xico y el regreso al mercado de Estados Unidos, Fruehauf es el fabricante [&hellip;]<\/p>\n","protected":false},"author":1,"featured_media":0,"parent":0,"menu_order":0,"comment_status":"closed","ping_status":"closed","template":"","meta":{"footnotes":""},"class_list":["post-105","page","type-page","status-publish","hentry"],"yoast_head":"<!-- This site is optimized with the Yoast SEO plugin v24.5 - https:\/\/yoast.com\/wordpress\/plugins\/seo\/ -->\n<title>Remolques de calidad superior para todas tus cargas<\/title>\n<meta name=\"description\" content=\"Fruehauf: m\u00e1s de 110 a\u00f1os fabricando semirremolques de calidad superior, adaptados a las necesidades del transporte de carga en M\u00e9xico y Estados Unidos.\" \/>\n<meta name=\"robots\" content=\"index, follow, max-snippet:-1, max-image-preview:large, max-video-preview:-1\" \/>\n<link rel=\"canonical\" href=\"https:\/\/fultra.bitaminadigital.com\/fultra\/fruehauf\/\" \/>\n<meta property=\"og:locale\" content=\"es_MX\" \/>\n<meta property=\"og:type\" content=\"article\" \/>\n<meta property=\"og:title\" content=\"Remolques de calidad superior para todas tus cargas\" \/>\n<meta property=\"og:description\" content=\"Fruehauf: m\u00e1s de 110 a\u00f1os fabricando semirremolques de calidad superior, adaptados a las necesidades del transporte de carga en M\u00e9xico y Estados Unidos.\" \/>\n<meta property=\"og:url\" content=\"https:\/\/fultra.bitaminadigital.com\/fultra\/fruehauf\/\" \/>\n<meta property=\"og:site_name\" content=\"Fultra\" \/>\n<meta property=\"article:modified_time\" content=\"2025-02-25T21:47:06+00:00\" \/>\n<meta property=\"og:image\" content=\"https:\/\/fultra.bitaminadigital.com\/fultra\/wp-content\/uploads\/2025\/01\/logo-fultra-e1736518485601.webp\" \/>\n\t<meta property=\"og:image:width\" content=\"383\" \/>\n\t<meta property=\"og:image:height\" content=\"80\" \/>\n\t<meta property=\"og:image:type\" content=\"image\/webp\" \/>\n<meta name=\"twitter:card\" content=\"summary_large_image\" \/>\n<meta name=\"twitter:label1\" content=\"Tiempo de lectura\" \/>\n\t<meta name=\"twitter:data1\" content=\"2 minutos\" \/>\n<script type=\"application\/ld+json\" class=\"yoast-schema-graph\">{\"@context\":\"https:\/\/schema.org\",\"@graph\":[{\"@type\":\"WebPage\",\"@id\":\"https:\/\/fultra.bitaminadigital.com\/fultra\/fruehauf\/\",\"url\":\"https:\/\/fultra.bitaminadigital.com\/fultra\/fruehauf\/\",\"name\":\"Remolques de calidad superior para todas tus cargas\",\"isPartOf\":{\"@id\":\"https:\/\/fultra.bitaminadigital.com\/fultra\/#website\"},\"datePublished\":\"2025-01-13T14:46:50+00:00\",\"dateModified\":\"2025-02-25T21:47:06+00:00\",\"description\":\"Fruehauf: m\u00e1s de 110 a\u00f1os fabricando semirremolques de calidad superior, adaptados a las necesidades del transporte de carga en M\u00e9xico y Estados Unidos.\",\"breadcrumb\":{\"@id\":\"https:\/\/fultra.bitaminadigital.com\/fultra\/fruehauf\/#breadcrumb\"},\"inLanguage\":\"es\",\"potentialAction\":[{\"@type\":\"ReadAction\",\"target\":[\"https:\/\/fultra.bitaminadigital.com\/fultra\/fruehauf\/\"]}]},{\"@type\":\"BreadcrumbList\",\"@id\":\"https:\/\/fultra.bitaminadigital.com\/fultra\/fruehauf\/#breadcrumb\",\"itemListElement\":[{\"@type\":\"ListItem\",\"position\":1,\"name\":\"Inicio\",\"item\":\"https:\/\/fultra.bitaminadigital.com\/fultra\/\"},{\"@type\":\"ListItem\",\"position\":2,\"name\":\"Empresas | FRUEHAUF\"}]},{\"@type\":\"WebSite\",\"@id\":\"https:\/\/fultra.bitaminadigital.com\/fultra\/#website\",\"url\":\"https:\/\/fultra.bitaminadigital.com\/fultra\/\",\"name\":\"Fultra\",\"description\":\"Soluciones al transporte\",\"publisher\":{\"@id\":\"https:\/\/fultra.bitaminadigital.com\/fultra\/#organization\"},\"alternateName\":\"Fultra MX\",\"potentialAction\":[{\"@type\":\"SearchAction\",\"target\":{\"@type\":\"EntryPoint\",\"urlTemplate\":\"https:\/\/fultra.bitaminadigital.com\/fultra\/?s={search_term_string}\"},\"query-input\":{\"@type\":\"PropertyValueSpecification\",\"valueRequired\":true,\"valueName\":\"search_term_string\"}}],\"inLanguage\":\"es\"},{\"@type\":\"Organization\",\"@id\":\"https:\/\/fultra.bitaminadigital.com\/fultra\/#organization\",\"name\":\"Fultra\",\"url\":\"https:\/\/fultra.bitaminadigital.com\/fultra\/\",\"logo\":{\"@type\":\"ImageObject\",\"inLanguage\":\"es\",\"@id\":\"https:\/\/fultra.bitaminadigital.com\/fultra\/#\/schema\/logo\/image\/\",\"url\":\"https:\/\/fultra.bitaminadigital.com\/fultra\/wp-content\/uploads\/2025\/01\/logo-fultra-e1736518485601.webp\",\"contentUrl\":\"https:\/\/fultra.bitaminadigital.com\/fultra\/wp-content\/uploads\/2025\/01\/logo-fultra-e1736518485601.webp\",\"width\":383,\"height\":80,\"caption\":\"Fultra\"},\"image\":{\"@id\":\"https:\/\/fultra.bitaminadigital.com\/fultra\/#\/schema\/logo\/image\/\"},\"sameAs\":[\"https:\/\/www.linkedin.com\/company\/fultra\/\"]}]}<\/script>\n<!-- \/ Yoast SEO plugin. -->","yoast_head_json":{"title":"Remolques de calidad superior para todas tus cargas","description":"Fruehauf: m\u00e1s de 110 a\u00f1os fabricando semirremolques de calidad superior, adaptados a las necesidades del transporte de carga en M\u00e9xico y Estados Unidos.","robots":{"index":"index","follow":"follow","max-snippet":"max-snippet:-1","max-image-preview":"max-image-preview:large","max-video-preview":"max-video-preview:-1"},"canonical":"https:\/\/fultra.bitaminadigital.com\/fultra\/fruehauf\/","og_locale":"es_MX","og_type":"article","og_title":"Remolques de calidad superior para todas tus cargas","og_description":"Fruehauf: m\u00e1s de 110 a\u00f1os fabricando semirremolques de calidad superior, adaptados a las necesidades del transporte de carga en M\u00e9xico y Estados Unidos.","og_url":"https:\/\/fultra.bitaminadigital.com\/fultra\/fruehauf\/","og_site_name":"Fultra","article_modified_time":"2025-02-25T21:47:06+00:00","og_image":[{"width":383,"height":80,"url":"https:\/\/fultra.bitaminadigital.com\/fultra\/wp-content\/uploads\/2025\/01\/logo-fultra-e1736518485601.webp","type":"image\/webp"}],"twitter_card":"summary_large_image","twitter_misc":{"Tiempo de lectura":"2 minutos"},"schema":{"@context":"https:\/\/schema.org","@graph":[{"@type":"WebPage","@id":"https:\/\/fultra.bitaminadigital.com\/fultra\/fruehauf\/","url":"https:\/\/fultra.bitaminadigital.com\/fultra\/fruehauf\/","name":"Remolques de calidad superior para todas tus cargas","isPartOf":{"@id":"https:\/\/fultra.bitaminadigital.com\/fultra\/#website"},"datePublished":"2025-01-13T14:46:50+00:00","dateModified":"2025-02-25T21:47:06+00:00","description":"Fruehauf: m\u00e1s de 110 a\u00f1os fabricando semirremolques de calidad superior, adaptados a las necesidades del transporte de carga en M\u00e9xico y Estados Unidos.","breadcrumb":{"@id":"https:\/\/fultra.bitaminadigital.com\/fultra\/fruehauf\/#breadcrumb"},"inLanguage":"es","potentialAction":[{"@type":"ReadAction","target":["https:\/\/fultra.bitaminadigital.com\/fultra\/fruehauf\/"]}]},{"@type":"BreadcrumbList","@id":"https:\/\/fultra.bitaminadigital.com\/fultra\/fruehauf\/#breadcrumb","itemListElement":[{"@type":"ListItem","position":1,"name":"Inicio","item":"https:\/\/fultra.bitaminadigital.com\/fultra\/"},{"@type":"ListItem","position":2,"name":"Empresas | FRUEHAUF"}]},{"@type":"WebSite","@id":"https:\/\/fultra.bitaminadigital.com\/fultra\/#website","url":"https:\/\/fultra.bitaminadigital.com\/fultra\/","name":"Fultra","description":"Soluciones al transporte","publisher":{"@id":"https:\/\/fultra.bitaminadigital.com\/fultra\/#organization"},"alternateName":"Fultra MX","potentialAction":[{"@type":"SearchAction","target":{"@type":"EntryPoint","urlTemplate":"https:\/\/fultra.bitaminadigital.com\/fultra\/?s={search_term_string}"},"query-input":{"@type":"PropertyValueSpecification","valueRequired":true,"valueName":"search_term_string"}}],"inLanguage":"es"},{"@type":"Organization","@id":"https:\/\/fultra.bitaminadigital.com\/fultra\/#organization","name":"Fultra","url":"https:\/\/fultra.bitaminadigital.com\/fultra\/","logo":{"@type":"ImageObject","inLanguage":"es","@id":"https:\/\/fultra.bitaminadigital.com\/fultra\/#\/schema\/logo\/image\/","url":"https:\/\/fultra.bitaminadigital.com\/fultra\/wp-content\/uploads\/2025\/01\/logo-fultra-e1736518485601.webp","contentUrl":"https:\/\/fultra.bitaminadigital.com\/fultra\/wp-content\/uploads\/2025\/01\/logo-fultra-e1736518485601.webp","width":383,"height":80,"caption":"Fultra"},"image":{"@id":"https:\/\/fultra.bitaminadigital.com\/fultra\/#\/schema\/logo\/image\/"},"sameAs":["https:\/\/www.linkedin.com\/company\/fultra\/"]}]}},"_links":{"self":[{"href":"https:\/\/fultra.bitaminadigital.com\/fultra\/wp-json\/wp\/v2\/pages\/105","targetHints":{"allow":["GET"]}}],"collection":[{"href":"https:\/\/fultra.bitaminadigital.com\/fultra\/wp-json\/wp\/v2\/pages"}],"about":[{"href":"https:\/\/fultra.bitaminadigital.com\/fultra\/wp-json\/wp\/v2\/types\/page"}],"author":[{"embeddable":true,"href":"https:\/\/fultra.bitaminadigital.com\/fultra\/wp-json\/wp\/v2\/users\/1"}],"replies":[{"embeddable":true,"href":"https:\/\/fultra.bitaminadigital.com\/fultra\/wp-json\/wp\/v2\/comments?post=105"}],"version-history":[{"count":57,"href":"https:\/\/fultra.bitaminadigital.com\/fultra\/wp-json\/wp\/v2\/pages\/105\/revisions"}],"predecessor-version":[{"id":1223,"href":"https:\/\/fultra.bitaminadigital.com\/fultra\/wp-json\/wp\/v2\/pages\/105\/revisions\/1223"}],"wp:attachment":[{"href":"https:\/\/fultra.bitaminadigital.com\/fultra\/wp-json\/wp\/v2\/media?parent=105"}],"curies":[{"name":"wp","href":"https:\/\/api.w.org\/{rel}","templated":true}]}}